 is the thousands digit of x(0)?
1
Let b be 3 + 3/3 + -34. Let x be ((-4)/b*-3)/(2/(-50)). What is the units digit of (-10)/(-4)*x/25*13?
3
Suppose -408428 + 36056 = -33*o. What is the hundreds digit of o?
2
Let s(i) be the third derivative of i**5/15 - 11*i**4/24 + 2*i**3 - 44*i**2. What is the units digit of s(8)?
0
Suppose x + m = -0*x + 144, -2*m - 720 = -5*x. Suppose 12*i + x - 480 = 0. What is the units digit of i?
8
Let o be (-1)/2*110/(-11). Suppose -16 = 5*b - 9*b, -2*b = o*n - 53. What is the units digit of n?
9
Let l = 45234 - 20767. What is the hundreds digit of l?
4
Let x = 58 - 53. Let t be x/20 + (-2)/(-8)*-5. What is the units digit of t/2*11/(33/(-18))?
3
Suppose 0 = 5*q + 4*l + 48, 5*l - 22 = -q + 5*q. Suppose 0 = 9*y - 2336 + 2777. Let x = q - y. What is the tens digit of x?
4
Let a(n) = 3*n**2 - 36*n + 136. Let x = -388 + 413. What is the tens digit of a(x)?
1
Let z = -2 + 4. Suppose -4*u + 4*y = -4, -3*y + 11 = 2*u - z*y. Suppose a = -j + 2*j + 58, -2*a + u*j + 124 = 0. What is the tens digit of a?
5
Suppose 1 = 4*a - 5*a. Let i be (18 + (-1 - -1))*(-6 - a). Let h = -3 - i. What is the units digit of h?
7
Let g = -70 + 80. Suppose -436 = g*d - 11*d. What is the units digit of d?
6
What is the hundreds digit of (-15526)/(-2 + (-18 - -18))?
7
Let u(w) = -3 - 11 + 13*w + 55 + w**2. Suppose 31 + 39 = -5*z + 3*s, -3*z - 76 = 5*s. What is the units digit of u(z)?
9
Let l be (-1 + (-315)/(-6))*2. Let n = l - 69. Let u = n - 20. What is the units digit of u?
4
Let c = 8326 - 4519. What is the hundreds digit of c?
8
Let y be 22/5 + 34/(-85) + -19. Let s(k) = -35*k + 128. What is the hundreds digit of s(y)?
6
Suppose 5 + 0 = 5*q, -5*q = j - 13. Suppose -p = -j*p + 3689. What is the tens digit of p?
2
Suppose v + 2*r + 15 = 0, 3*v - 4*r = r + 10. Let q = v - -15. Suppose 844 = q*g - 786. What is the tens digit of g?
6
Let k(j) = 1366*j - 742. What is the ten thousands digit of k(12)?
1
Suppose -14*w - 46290 - 315489 = -47*w. What is the tens digit of w?
6
Let v = -1666 + 35000. What is the tens digit of v?
3
Suppose 539*o - 21306 = 536*o. Suppose 5522 = 8*a - o. What is the units digit of a?
8
Let x(h) = 149*h**2 - 372*h - 4265. What is the tens digit of x(-12)?
5
Let a = -62 + 66. Suppose 2*g + 3*f = 215, -5*f - 326 - 137 = -a*g. What is the hundreds digit of g?
1
Let n(k) = -351*k + 19. What is the units digit of n(-33)?
2
Suppose 5*n + 5*z = 35, 2*n = -3*n + 3*z + 3. What is the units digit of (92 - 8)/(1/n)?
2
Let n be 5*101*(-10)/(-5). Suppose -4*c = 186 - n. What is the units digit of c?
6
Let l = 10 + 187. Let g be (1 + 3)*12/16. Suppose -5*m + 317 = -4*b, 3*m - g*b - l = -4*b. What is the tens digit of m?
6
Suppose -5*h = 6*q - 2*q - 423, 2*h - q - 164 = 0. Suppose -h = n - 147. Let w = n + -51. What is the units digit of w?
3
Suppose -5*d = -y + 857, -857 = 7*y - 8*y - d. Let b = y + -227. What is the hundreds digit of b?
6
Suppose 5 + 2 = -s + 3*c, 71 = -5*s + 3*c. Let n = 3 - s. Let l = -1 + n. What is the units digit of l?
8
Let s(u) = -u**2 - 8*u + 23. Let k be s(-13). What is the tens digit of (k/36)/(2/(-24))?
1
Let y(d) = -d**2 - d - 18. Let p be y(0). Let w be 21*(-3)/p*2. Suppose 2*r - w*r = -4*u - 770, 0 = -2*r - 5*u + 308. What is the tens digit of r?
5
Suppose -67 = -5*u + 2*n + 2*n, -2*n + 79 = 5*u. Let l be -18*(u/6 + -2). Let z(f) = -6*f + 24. What is the tens digit of z(l)?
7
Let z(a) = -18*a - 126. Let d be z(-33). Suppose 3*b - d = -3*l, 0 = -6*l + 10*l - 3*b - 617. What is the tens digit of l?
5
Let v(y) = -6*y - 2 - 3 + 3 + 12*y**2 - 4. What is the hundreds digit of v(4)?
1
Suppose -21*a + 2542112 = 251*a. What is the tens digit of a?
4
Let t be 2*213/30 - 10/50. Suppose u - 120 = -t*u. What is the units digit of u?
8
Let q = 82583 - 38505. What is the units digit of q?
8
Let v(m) = -m. Let j be 306/(-126) - (-6)/14. Let o(h) = -h**2 + 11*h - 15. Let y(i) = j*v(i) + o(i). What is the units digit of y(11)?
7
Suppose 200*i + 1165 = 195*i. Let m = i + 420. What is the tens digit of m?
8
Let o(a) = 209*a + 7. Let y = -223 - -225. What is the units digit of o(y)?
5
Let g be -1*5 - 145/(-29). Suppose -l + 211 + 111 = g. What is the tens digit of l?
2
Let w = -148 - -149. Let q(k) = 402*k**2 + 3*k - 1. What is the hundreds digit of q(w)?
4
Let t(o) = 14*o**2 - 69*o + 3703. What is the units digit of t(51)?
8
Suppose o + 1386 = 5*a - 3*o, -826 = -3*a + o. Let b = 72 + a. What is the units digit of b?
6
Suppose -53*l + 2168069 = 65*l - 2773889. What is the hundreds digit of l?
8
Let w be (2 + -3)*-2 + 1. Suppose 0 = -w*l - 4*l + 1638. Suppose 2*m - 156 = -5*h + 387, -2*h - 5*m + l = 0. What is the tens digit of h?
0
Let j = -1963 + 3069. What is the tens digit of j?
0
Let v = -10381 + 16528. What is the tens digit of v?
4
Suppose -2*f + 2846 + 7547 = -3*g, -2*f + 10399 = 3*g. What is the units digit of f?
8
Let v be (33/6 + -6 + 3)*14. Suppose 0 = -30*z + v*z - 2125. What is the hundreds digit of z?
4
Suppose 0 = -w + 136 + 53. Suppose -25*f - 1435 - 1865 = 0. Let j = f + w. What is the tens digit of j?
5
Let t = 9901 - 7226. What is the hundreds digit of t?
6
Let w = 29098 - 17907. What is the hundreds digit of w?
1
Let a be ((-230)/25 - -8)/(6/45). What is the hundreds digit of 357 + (a - (0 + -5))?
3
Suppose -40*z = -37*z - 21. Suppose 0 = 3*h - s - 784, -5*s - z = 13. Suppose -5*r + r + m + h = 0, -4 = -m. What is the tens digit of r?
6
Let y be 679/(-2)*(1260/(-49))/3. Suppose 9*m - 3*m - y = 0. What is the hundreds digit of m?
4
Let l(p) = 518*p - 488. What is the units digit of l(19)?
4
Let o(y) = 693*y + 105. What is the hundreds digit of o(10)?
0
Let w(x) = x**3 - 21*x**2 - 2*x + 46. Let q be w(21). Suppose -503 - 249 = -q*m. What is the tens digit of m?
8
Suppose 6183*u + 3500 = 6185*u. What is the thousands digit of u?
1
Let h be (26 - 26)*(-1)/1. Suppose h = -4*b - j + 537, -b - 3*j + 124 = -24. Let o = b + 34. What is the units digit of o?
7
Let u(r) = 10*r**2 - 46*r - 578. What is the hundreds digit of u(-25)?
8
Suppose 2*u = 3*h + 2, -32 = -4*u - h - 0*h. Suppose -323 = -u*q + 125. What is the tens digit of 2/8*3 - (-5136)/q?
8
Suppose -66 = -234*r + 232*r. Let y = 108 + -64. Let o = r + y. What is the tens digit of o?
7
Suppose u - 1 - 14 = 0. Let f = 10 + u. Suppose f*j = 23*j + 236. What is the tens digit of j?
1
Suppose 2*m - m = 2*s + 43408, s = 5*m - 217004. Suppose m = 8*z + 27*z. What is the units digit of z?
0
Let n = -109356 + 172182. Suppose 25*w - n = -12*w. What is the tens digit of w?
9
Let u be 6/(-6 + 45/6). Suppose -5*d - u*b + 2828 - 1089 = 0, 3*d - 1043 = -2*b. What is the units digit of d?
7
Suppose 0 = -a - 5, v - 3*v = -a - 31575. What is the ten thousands digit of v?
1
Let i be (-63)/6 - (-3)/6. Let f be (i/4)/((-35)/28) - 2. Suppose -k + 4*k - 3*p - 312 = f, 0 = -3*k + 4*p + 317. What is the tens digit of k?
9
Let v = -22449 + 50139. What is the ten thousands digit of v?
2
Let p(l) = 20*l**2 + 26*l + 298. What is the thousands digit of p(-10)?
2
Let k(m) = -8*m**3 + 21*m**2 - 35*m - 201. What is the ten thousands digit of k(-12)?
1
What is the tens digit of (141 + -140)/((-2)/34108*-1)?
5
Let k = 11108 + 7470. What is the ten thousands digit of k?
1
What is the tens digit of ((-31245)/20)/((-20)/(-16) + -2)?
8
What is the thousands digit of (-4)/44 - ((-2427490)/110)/1?
2
Suppose 0 = -7*c + 35 - 0. Suppose -2*h = c*h - 28. Suppose -h*l - 2*u = -316, -312 = -4*l - 3*u - u. What is the tens digit of l?
8
Let s(q) = -12*q**2 - 23*q - 23. Let b be s(7). Let k = -625 - b. What is the units digit of k?
7
Let x(d) = 28*d - 183. Let l be x(18). Let n = l - -1117. What is the thousands digit of n?
1
Suppose -7*l + 2210 = 768. Let b = -117 + l. What is the tens digit of b?
8
Suppose 5*l = y - 6737, -5*y - 1475 + 35160 = 5*l. What is the units digit of y?
7
Let s(f) = -f**3 + f - 1. Let p be s(1). Let m be (p + 2 - 1) + (0 - 2). Let j(a) = -2*a**3 + a**2 - a + 2. What is the units digit of j(m)?
4
Let l = 2798 + -2206. What is the hundreds digit of l?
5
Suppose -34*q = 2*k - 33*q - 15519, -3*k = -5*q - 23246. What is the tens digit of k?
5
Suppose -l + m = 0, -5*l + m - 2 = -18. What is the tens digit of 19 - ((-1 - l) + 7)?
1
Suppose 0 = -4*b - 3*x + 42066 + 165529, 4*b = 3*x + 20